NOAA-Style Climate Reports
2024
Daily NOAA report YEARLY CLIMATOLOGICAL SUMMARY for Aug 2024 NAME: meteothassos CITY: Limenas STATE: Thassos, Greece ELEV: 25m LAT: 040:46:03 LONG: -024:42:23 TEMPERATURE ( °C), RAIN (mm), WIND SPEED (kmh) HEAT COOL AVG MEAN DEG DEG WIND DOM MTH TEMP HIGH TIME LOW TIME DAYS DAYS RAIN SPEED HIGH TIME DIR -------------------------------------------------------------------------------------------------------- 01 07.3 20.6 13:31 -01.8 04:08 0340.0 0000.0 32.6 03.0 70.3 23:55 ESE 02 09.8 18.6 13:22 -02.1 06:47 0240.3 0000.0 48.0 02.2 72.2 12:29 SE 03 11.3 22.7 15:47 00.0 12:32 0218.2 0000.0 102.4 02.6 55.5 23:55 SE 04 16.3 28.1 17:51 07.7 06:38 0065.6 0005.0 39.0 02.2 40.7 22:16 SE 05 17.9 28.4 19:41 08.5 06:21 0033.3 0019.1 39.0 02.6 31.4 13:51 SE 06 25.8 35.3 15:51 14.2 06:21 0000.0 0206.2 15.0 01.5 31.4 12:58 SE 07 28.1 40.6 17:53 17.9 06:11 0000.0 0304.4 42.4 00.9 31.4 23:54 SE 08 26.7 36.3 14:34 18.2 23:56 0000.0 0262.0 06.2 02.3 33.3 23:55 SE -------------------------------------------------------------------------------------------------------- 17.9 40.6 -2.1 897.4 796.6 330.8 2.2 72.2 SE Max > 32.0: 82 Max < 0.0: 0 Min < 0.0: 240 Min < -18.0: 0 Max > 32.0: 82 Max < 0.0: 0 Min < 0.0: 240 Min < -18.0: 0 Max < -5.0: 0 Min < -5.0: 0 Max < -10.0: 0 Min < -10.0: 0 Max < -15.0: 0 Min < -15.0: 0 Max < -20.0: 0 Min < -20.0: 0 Max < -25.0: 0 Min < -25.0: 0 Max Rain: 5.6 ON 31-01-24 Days of Rain: 44 (> .2mm) 19 (> 2mm) 3 (> 20mm) --------------------------------------------------------------------------------------------------------